True
Suppose 4*r + 4*m = 4, 5*r + 5*m - 3*m + 1 = 0. Let i be 4/r - (-13 + (2 - -3)). Suppose -383 = -i*d + 261. Is d a prime number?
False
Suppose 2*m + 3*u = -m + 9, -3*u = -5*m - 25. Let f(p) = -1642*p**3 + 4*p**2 + 6*p - 1. Is f(m) composite?
True
Let p = -890264 - -1256011. Is p prime?
True
Let r be (6/(-15))/(7/70). Is 174/4*(r - 190/(-15)) a prime number?
False
Let v = 1188 - -819545. Is v a prime number?
True
Suppose -2*l - 3*n + 48329 = 0, -72501 = -3*l + 22*n - 24*n. Is l a prime number?
True
Let v = -46 + 123. Let r(q) = -q**2 + 7*q + 60. Let c be r(-5). Suppose c = -50*p + 51*p - v. Is p prime?
False
Let r = -123 + 149. Suppose -5*c = 4*s - 151115, -21*s = -5*c - r*s + 151115. Is c composite?
False
Suppose -624001 + 2213008 = 21*r. Is r prime?
False
Suppose -a - a = 2*o - 82, -3*a + 3*o = -147. Let x = a + 24. Is x prime?
False
Suppose -5*i + 9597 + 156394 = -3*w, -5*i = 3*w - 165979. Is i a prime number?
False
Let o(x) = x**2 + 9*x - 20. Let a be o(-13). Let l = -29 + a. Suppose m - 985 = u, u = 5*m - l*u - 4923. Is m prime?
True
Let z = 70127 - 36860. Let n be -1 - (-14 + (1 - 1)). Suppose -n*m = -125762 + z. Is m prime?
False
Let c = -10577 + 6451. Let m = 821 + -815. Is (1 - (c + m))*(0 + 1) prime?
False
Suppose 0*n - 5305 = -5*q - 2*n, 0 = q + 3*n - 1061. Is q prime?
True
Suppose -48119*j = -48157*j + 2341978. Is j a composite number?
False
Is ((-4)/(-6) - 8769387/(-495))*5 prime?
False
Let b be (-6582)/((-6)/(-45)*3). Let z = -11581 - b. Let p = z + -1419. Is p prime?
False
Let h(l) = 48*l - 11. Let o be (280/12)/(-3 + 11/3). Let a = -24 + o. Is h(a) composite?
True
Let g(l) = 81501*l**2 + 11*l - 7. Is g(1) composite?
True
Let w(o) = o**3 + o**2 - 8*o - 4. Let b be w(3). Let r = 10 - 7. Is (r*b/(-12))/((-2)/307) a composite number?
False
Let t = 19634 + 2604. Suppose -t = -4*g - 2*b - 692, -5*g + 3*b + 26938 = 0. Is g prime?
True
Suppose 1824105 = 35*m - 5024531 + 745581. Is m a prime number?
False
Suppose -4*t + 0*f + 2*f + 6 = 0, 3*f = -3*t + 9. Let k(a) = 3611*a**2 + 3*a - 1. Let y be k(t). Suppose -5*o + y = -17446. Is o a prime number?
True
Suppose z = n - 10889, -2*n = z - 25534 + 3738. Is n composite?
True
Let u = 167446 - 83973. Is u prime?
False
Suppose 5*f = 5*d + 953540, -58 = 3*d - 61. Is f a prime number?
True
Is 375465*(6 - 170/30) prime?
False
Suppose -2*a + 3*b = -0*b + 14, 5*b = -2*a - 14. Let w(k) = -87*k**3 + k**2 - 6*k - 21. Is w(a) composite?
True
Let q(o) = -o**2 + o + 1. Let v(k) = -18*k**2 + 3*k + 16. Let s(h) = 6*q(h) - v(h). Suppose 5*u = d - 58, -4*u + u + 3*d - 42 = 0. Is s(u) a composite number?
False
Let l(p) = -7389*p + 602. Is l(-3) a composite number?
False
Suppose -16*a = -902 - 986. Let f = a + 115. Is f a composite number?
False
Let m = -260 - -285. Suppose m*r - 22*r - 13173 = 0. Is r a composite number?
False
Suppose 117*q = 105*q + 757356. Is q a prime number?
True
Let o = 826 + -755. Suppose -o*q + 565991 = -52*q. Is q a composite number?
False
Suppose -2*x + 5211 = x. Let o = 79 + -75. Suppose 2*d = -o*n + d + 1386, 5*n - x = d. Is n composite?
False
Let g be (-6)/(-8) + (7084/(-16) - -7). Is (-166 - 0)/(5*6/g) a composite number?
True
Suppose 5*s - 459555 = -5*i, 4*s - 459553 = -12*i + 7*i. Is i a composite number?
False
Let d be 156/42 + -4 + 122840/14. Suppose -5*c = -3*s - d, -4*c + 0*s = 5*s - 6997. Is c a prime number?
True
Suppose 6*m - 745 + 715 = 0. Suppose 5*l + 4*a - 779 - 1598 = 0, m*l = -a + 2368. Is l prime?
False
Suppose 20*c = 2*c + 162. Is 17331/c + 2 - 6/9 prime?
False
Let h(i) be the second derivative of 1478*i**3 - 11*i**2/2 + 13*i - 6. Is h(1) a composite number?
True
Suppose 0 = -2*q + 3*u - 7503, -4*q - 7088 = u + 7911. Let l = -1031 - q. Is l a prime number?
True
Let m(v) = -v**3 + 32*v**2 - 449*v + 17. Is m(-33) a prime number?
True
Let a be (1 - 9/6)*-18. Let d = a + 2. Is (d/(-33))/((-1)/5019) prime?
False
Let l(c) = 942*c**2 + 223*c - 38. Is l(7) a composite number?
False
Let r = 180 - 175. Suppose 5*j - 31114 - 120306 = -r*y, -3*y = j - 90842. Is y a composite number?
True
Let h(y) = -y**3 - 9*y**2 - 9*y + 40. Let p be h(-7). Let o(d) = 110*d**2 + 8*d - 47. Is o(p) composite?
True
Let v = 28249 + -42080. Let t = 30388 + v. Is t a composite number?
True
Let y(z) = 20*z**3 + 17*z**2 + 5*z - 23. Let n(k) = -k**3 - k**2 + k + 1. Let q(m) = -4*n(m) - y(m). Is q(-8) a composite number?
False
Let z(n) = 143*n**3 + 16*n**2 - 19*n - 3. Is z(10) composite?
False
Is (1 - 2)/(38/(-996284)) a composite number?
True
Let o(h) = -h - 7 + 2 + 0*h - 8. Let v be o(-9). Is -316*((-10)/v + -3) a prime number?
False
Let d = -8520 + 8667. Let s = 71 + 130. Suppose 0 = -4*a + s + d. Is a a prime number?
False
Let h(f) = -133*f - 5 - 40*f + 5*f. Suppose -2 = -9*z + 10*z. Is h(z) prime?
True
Let v = 7972 - 4832. Suppose 4*r - v = -r. Let x = r - 335. Is x prime?
True
Suppose 3*k - 72799 = 4*b + 38796, 0 = -k - 4*b + 37177. Is k a composite number?
True
Let u(a) = -6 - 14 - 943*a + 259*a - 11. Is u(-5) prime?
True
Let g be ((-49)/(-2) - 7)*(2 - 0). Let b = -11 + g. Suppose 1465 = -b*k + 25*k. Is k prime?
False
Let z(q) = 131*q + 98. Suppose -m + 5*b + 6 = -2, 4*m - 2*b = 122. Is z(m) prime?
True
Let l be 2/(-10) + 1019286/(-45). Let v = -14824 - l. Is v prime?
False
Suppose -3*f = 2*f, 5*m = 2*f + 28690. Suppose -3*c + m - 1145 = 0. Is c prime?
True
Suppose 3*z + 6 = -h, -z - z = -h + 9. Is (29/h)/(7/1659) a composite number?
True
Let f(t) = -154*t**3 - 15*t**2 + 4*t + 4. Let s be f(4). Let m be (-1)/(-6) - (-2 - s/(-24)). Let i = m + 485. Is i composite?
False
Suppose -7*x + 3*x = -12. Suppose 0 = x*c - 4*v + 2*v - 950, -2*c + 2*v + 630 = 0. Suppose -4*u - m + 224 + 17 = 0, 0 = 5*u + 5*m - c. Is u prime?
True
Is (-4 + 1)*(91 + 470352)*(-2)/6 a prime number?
True
Let v(o) = 13*o - 1. Let p(d) = -7*d + 1. Let w(q) = -5*p(q) - 3*v(q). Let g be w(-3). Suppose 0 = -g*h + 14663 + 1907. Is h a composite number?
False
Let n(l) = -4031*l + 403. Is n(-6) prime?
False
Suppose 5*d = 13654 + 3216. Let x = 5545 - d. Is x a composite number?
True
Let c be -2*431*(-225)/18. Let b = -5724 + c. Is b a prime number?
True
Let j(w) = w**3 + 11*w**2 + 102*w + 1519. Is j(55) composite?
False
Suppose -4*r = 7*j - 8*j + 752, -5*r = -10. Let x be (-4 + 50/8)*j/3. Let o = 1091 - x. Is o a prime number?
True
Let m = -282 - -282. Let k be (2487/(-2))/((-36)/48). Suppose -4*l + k + 1170 = m. Is l a composite number?
True
Is 114359 + (2816/(-16))/11 prime?
True
Suppose -4*h + 4*k - 16 = 0, -2*h = h - k + 4. Suppose h = -3*o - y + 5861, 2*o - 9783 = -3*o + 2*y. Let v = 378 + o. Is v prime?
True
Is (-18)/117 - 120782706/(-286) composite?
True
Let i be (2 + 1 - -2) + -11. Let p be i/(-2 + 3/(-3)). Suppose 2883 = 5*v - p*v. Is v prime?
False
Suppose 0*v - 3*v + 16 = 4*j, -13 = -2*v - 5*j. Let g(h) = -2*h**3 - 23*h**2 + 20*h - 37. Let k be g(-17). Suppose -590 + k = v*q. Is q prime?
False
Let y = -16315 - -27550. Let h = 17744 - y. Is h prime?
False
Is 143308/8*2 - -8 - 2 a prime number?
False
Suppose 6*d - d + 3*k - 1269208 = 0, 5 = 5*k. Is d a composite number?
True
Let r(v) = 143*v + 40. Let q be r(-6). Let o = q - -1155. Suppose i - o - 156 = 0. Is i a composite number?
True
Let t(q) = q**2 - 18*q - 3. Let y be t(6). Let l be (-4 + 1)*5/(y/20). Suppose -2030 = l*p - 14*p. Is p composite?
True
Let u = 11153 + 77436. Is u a prime number?
True
Suppose 253*j = 248*j + 10. Suppose 1248 + 80 = 2*f - j*n, 2*n - 6 = 0. Is f a composite number?
True
Let y(w) = -w**3 + 6*w**2 + 23*w + 5. Let u(r) = -r**3 - 4*r**2 - 3*r - 13. Let x be u(-3). Is y(x) a prime number?
True
Let h(b) = -2*b**3 + 65*b**2 + 4*b - 41. Let d(v) = 2*v**2 + 5*v + 32. Let j be d(0). Is h(j) prime?
False
Suppose 10*s - 405 = 2575. Suppose -4*a = -4*t - 6620, -2*t = -a + 1951 - s. Is a composite?
False
Let q(m) = -59*m + 2. Suppose -3*w + 60 = 2*w + 5*l, 0 = 5*w - 3*l - 44. Suppose -1 + w = -3*y. Is q(y) a prime number?
True
Let s be -1 + 2 + 113438/13. Suppose -9*a + s = 699. Let b = a + -339. Is b composite?
True
Let u(a) = -a**2 - 3*a + 24. Let d be u(-6). Suppose 0 = -d*n + 3*n - 2*r + 8, 2*n - 5*r = -1. Suppose j - 1091 = -g, -n*j = -2*g - 3*g - 2154. Is j composite?
False
Let y(b) = -7*b**2 + 1 + 25*b - b**3 - 2 + 0 + 13. Is y(-11) composite?
T